, what is 5 - 1a17?
-1a12
In base 8, what is -223 + 3?
-220
In base 10, what is -6 - -15?
9
In base 15, what is -893 + 3?
-890
In base 5, what is -40 + -40?
-130
In base 4, what is -2 + -31013?
-31021
In base 4, what is -10321 - 21?
-11002
In base 11, what is a73 - -2?
a75
In base 12, what is 1a - -3ab?
409
In base 12, what is -4 + -665?
-669
In base 10, what is -8 - 5?
-13
In base 3, what is -101022 - 1?
-101100
In base 9, what is -22680 - -4?
-22675
In base 6, what is -40 - -5?
-31
In base 10, what is 984 - 22?
962
In base 10, what is 5 + -39?
-34
In base 13, what is -271 + -3?
-274
In base 4, what is -11 - 1130201?
-1130212
In base 13, what is -5 - -12?
a
In base 10, what is 1135 + 5?
1140
In base 16, what is cb0 + -3?
cad
In base 13, what is -c412 + 3?
-c40c
In base 3, what is 2212210 - -20?
2220000
In base 15, what is 136 - -1?
137
In base 8, what is 40 - 162?
-122
In base 12, what is 28 - 4?
24
In base 15, what is -30 + -a7?
-d7
In base 14, what is -3 + 7?
4
In base 2, what is 101101 - -1000?
110101
In base 2, what is -1101 + -100101011?
-100111000
In base 4, what is -10100 + -103?
-10203
In base 4, what is 0 - -1210?
1210
In base 15, what is 5 - -310?
315
In base 8, what is 1 - -250?
251
In base 2, what is 1101 + -101110?
-100001
In base 10, what is 5269 + 3?
5272
In base 3, what is 2010 - 1122?
111
In base 8, what is 345 + 5?
352
In base 9, what is -5 - 34?
-40
In base 12, what is -6 + -4?
-a
In base 14, what is 2 + -614?
-612
In base 5, what is 30 + -12?
13
In base 12, what is -5 - -76?
71
In base 11, what is -43a + 4?
-436
In base 7, what is 3133 - 15?
3115
In base 11, what is 4931 - 0?
4931
In base 16, what is -2 - 32?
-34
In base 12, what is aa + 85?
173
In base 4, what is 20 - 333?
-313
In base 2, what is -101 - 11010000?
-11010101
In base 3, what is 101122 - 11?
101111
In base 2, what is 100000101010010 + 1?
100000101010011
In base 13, what is 15a - -3?
160
In base 15, what is -8 + -15?
-1d
In base 4, what is 10231302 - 10?
10231232
In base 14, what is 3 - 53?
-50
In base 11, what is -4 - -179?
175
In base 10, what is 4 - 44?
-40
In base 13, what is 6aa + -1?
6a9
In base 6, what is -2122 + -4?
-2130
In base 9, what is 168 - 7?
161
In base 13, what is 57 - -2a?
84
In base 11, what is -31 - 194?
-215
In base 14, what is -94 - -20?
-74
In base 12, what is 653 + -2b?
624
In base 9, what is 21 - -12?
33
In base 7, what is -5 + -214?
-222
In base 7, what is -3511 + 3?
-3505
In base 4, what is 10 + 102023?
102033
In base 13, what is 3 - -7?
a
In base 16, what is -4ac - -d?
-49f
In base 14, what is 2a2 - 68?
238
In base 6, what is -5 - -1554?
1545
In base 7, what is -11 - -2463?
2452
In base 11, what is 1584 + -3?
1581
In base 11, what is -5389 + -4?
-5392
In base 4, what is -33 - -2123?
2030
In base 14, what is -1713 + -4?
-1717
In base 14, what is -40 - cc?
-12c
In base 13, what is 4889 - -3?
488c
In base 14, what is -2 + 22c7?
22c5
In base 10, what is -21 - 30?
-51
In base 7, what is -56 + -2?
-61
In base 10, what is 31 - 13?
18
In base 2, what is -11000 - -110?
-10010
In base 11, what is -1 - -220?
21a
In base 10, what is 2 - 106?
-104
In base 4, what is 103 + 213?
322
In base 16, what is 6 - eb?
-e5
In base 13, what is -48 + 3?
-45
In base 8, what is 0 + 320?
320
In base 12, what is -1 - 260?
-261
In base 13, what is -46 - -47?
1
In base 6, what is -2 + -225?
-231
In base 9, what is 34763 + -5?
34757
In base 10, what is 1455 - 1?
1454
In base 4, what is -21 + -311?
-332
In base 6, what is -5 - 2123?
-2132
In base 6, what is -142 - 142?
-324
In base 6, what is -5 + 33?
24
In base 11, what is 3819 + 1?
381a
In base 7, what is -5 - 14?
-22
In base 14, what is 4 + -547?
-543
In base 6, what is 2 - 4121?
-4115
In base 2, what is -1000 - -100?
-100
In base 2, what is 11 - -100100010?
100100101
In base 9, what is -42301 + -2?
-42303
In base 6, what is 352 + 0?
352
In base 5, what is -1 + -334?
-340
In base 16, what is 1 - -3?
4
In base 2, what is 100 - 1000?
-100
In base 4, what is 1 + 10000?
10001
In base 3, what is -22020 + -10?
-22100
In base 5, what is -10 + -344?
-404
In base 10, what is -5 - -244?
239
In base 13, what is -2 - 40?
-42
In base 7, what is -5 + 10302?
10264
In base 16, what is 12 - -53?
65
In base 10, what is 8 - -162?
170
In base 6, what is -5 + 2321?
2312
In base 14, what is -530 - -c?
-522
In base 15, what is -a - -5?
-5
In base 6, what is -314 + 4?
-310
In base 14, what is 34 - 6?
2c
In base 12, what is -18 + -10?
-28
In base 7, what is -25 - 332?
-360
In base 8, what is -5 + -21?
-26
In base 9, what is 16 - 10?
6
In base 12, what is -4 + -410?
-414
In base 7, what is -1 + -26?
-30
In base 15, what is 5 - 50?
-4a
In base 14, what is 6 - 174?
-16c
In base 3, what is 122 + 1?
200
In base 15, what is 405 - -5?
40a
In base 2, what is -101100 + 100101?
-111
In base 3, what is -12001 - 211?
-12212
In base 14, what is 27 - 19?
c
In base 6, what is 551 + -225?
322
In base 12, what is 1 - -1a?
1b
In base 14, what is 3 - -17c?
181
In base 13, what is 1 - -95?
96
In base 2, what is 100 - 11101110?
-11101010
In base 12, what is -2 - 1538?
-153a
In base 13, what is -40 - a?
-4a
In base 3, what is 212 - -1220?
2202
In base 7, what is 1 + 1?
2
In base 10, what is 1 + -249?
-248
In base 3, what is -10 + 102112?
102102
In base 6, what is 2 + 12245?
12251
In base 3, what is 10 + -20201201?
-20201121
In base 7, what is -11 + 155?
144
In base 3, what is 0 - 2020?
-2020
In base 2, what is 0 - 1000?
-1000
In base 8, what is -2 + -2?
-4
In base 3, what is 1 - -1101?
1102
In base 5, what is -14 - 2314?
-2333
In base 7, what is -4323 - -5?
-4315
In base 15, what is 4b + -3b?
10
In base 15, what is -5 + 10a?
105
In base 5, what is 134 + -31?
103
In base 9, what is 55 + -1?
54
In base 12, what is -7 - -11?
6
In base 2, what is -101 + -10000100?
-10001001
In base 4, what is -320 + -2222?
-3202
In base 6, what is -154 + 1325?
1131
In base 16, what is -47 + -38?
-7f
In base 4, what is -20032 - 23?
-20121
In base 14, what is -104 - 74?
-178
In base 10, what is -100 + -5?
-105
In base 5, what is 204 + -13?
141
In base 8, what is -736 + -14?
-752
In base 5, what is 40 - 2?
33
In base 2, what is -101 + 10001011?
10000110
In base 16, what is 0 + 15?
15
In base 16, what is 3 + d8?
db
In base 11, what is 4 - -917?
920
In base 10, what is 371 - 7?
364
In base 7, what is -1613 - -15?
-1565
In base 4, what is -120 + -12?
-132
In base 11, what is -774 - -5?
-76a
In base 14, what is -c18 - -1?
-c17
In base 11, what is -137 - 47?
-183
In base 7, what is 1 + 5163?
5164
In base 7, what is -3 - 211?
-214
In base 6, what is -43 - 11?
-54
In base 4, what is -10 - -203?
133
In base 2, what is -101 - -11011100?
11010111
In base 14, what is 3 - -18a?
18d
In base 11, what is -156 + 2?
-154
In base 9, what is 42 - -5?
47
In base 10, what is -575 + -6?
-581
In base 13, what is -2804 - 1?
-2805
In base 4, what is 1 - 103?
-102
In base 13, what is -2 + 14?
12
In base 13, what is 4 - 5?
-1
In base 4, what is 10031 - 10?
10021
In base 11, what is 2519 - -5?
2523
In base 14, what is -1 - 5?
-6
In base 13, what is 0 + 399?
399
In base 10, what is -753 + 1?
-752
In base 5, what is 0 - 134021?
-134021
In base 13, what is -6 + -a3?
-a9
In base 5, what is -2 - -402?
400
In base 5, what is 41101 + 1?
41102
In base 15, what is -1 - 11?
-12
In base 5, what is -3143 + 10?
-3133
In base 8, what is -3 + -1407?
-1412
In base 11, what is -49aa - 5?
-4a04
In base 15, what is 144 + 1?
145
In base 4, what is 3 + -1322033?
-1322030
In base 3, what is 1000 - -102020?
110020
In base 3, what is 10 + 20000122?
20000202
In base 8, what is 5 - -1730?
1735
In base 2, what is -11 - -10101000010?
10100111111
In base 13, what is 25 + -69?
-44
In base 4, what is 11 - -232?
303
In base 6, what is -4 + 432?
424
In base 9, what is 445 - -10?
455
In base 7, what is 14 + -40?
-23
In base 6, what is -353022 - 3?
-353025
In base 11, what is 29 - 3?
26
In base 9, what is -28 + 1?
-27
In base 2, what is 11111 - 1010?
10101
In base 2, what is -110 - 11011000010?
-11011001000
In base 2, what is 11011010001 + -101?
11011001100
In base 12, what is 5 - 1189?
-1184
In base 10, what is 1 + -42?
-41
In base 2, what is -11000100 - 110?
-11001010
In base 2, what is 101 - -111111?
1000100
In base 12, what is 14843 - 